alue of (-1 - 3) + 11 - 4?
3
Calculate -3 - (6 + -1) - (1 + -6).
-3
7 + -17 + -5 + 12
-3
Evaluate (5 - 2) + 0 + 0 + 2.
5
Evaluate (-3 - 1 - -3 - -1) + 2.
2
6 - 1 - (-1 + 2) - 0
4
-19 - -8 - -14 - 11
-8
Calculate -1 + -2 - -3 - 2.
-2
-1 + -4 - (0 - 11)
6
Evaluate (-1 - 0) + -1 + -2 + 6.
2
Calculate (-2 + 1 - -5) + 0 + 0.
4
-1 - ((0 - -2) + 17 + -20)
0
Evaluate -5 - 0 - -12 - 10.
-3
-1 - (-10 + 5 + (2 - -1))
1
Evaluate 4 - (-10 - -3) - 9.
2
What is the value of 0 - (4 + 2 + -1 - -3)?
-8
Calculate -1 + 5 - (-9 + 3 + 17).
-7
1 + -4 + (12 - (2 - -13))
-6
Calculate -3 + 1 + (-22 - -19).
-5
What is the value of -8 + (0 - -2) + (2 - 1)?
-5
Calculate -1 + -6 + 8 + -3.
-2
Evaluate -3 - -3 - -4 - 2.
2
What is (4 - 4) + 1 - 3?
-2
What is the value of 10 + -7 + -2 + -2?
-1
Calculate -18 + 21 + 0 + 0 + -2.
1
-45 + 53 - (0 + 6)
2
Calculate -7 - (4 + -7) - (-3 - 1).
0
Evaluate 1 + (0 - (-2 - -5)) + -1.
-3
Evaluate -3 - (0 - (-4 + 0)) - -6.
-1
2 - (-2 + 0) - 4
0
-3 + (-2 - -2) - (1 + -3)
-1
What is the value of 6 - (-7 + 11) - 5?
-3
Evaluate 6 + 1 + -1 + (-520 - -517).
3
What is -6 + (-14 + 23 - -3)?
6
(46 - 43) + (0 - -4) - 12
-5
Evaluate -2 + (8 - -4) + -6.
4
Evaluate 1 + (3 - (0 - -2)).
2
What is 4 + -6 + 4 + 0?
2
What is the value of -2 + -1 + (-4 - -8) + 0?
1
-3 + 5 + -3 + 2
1
Calculate 2 - (-8 - -6) - (5 - 0).
-1
What is the value of (-6 - -2) + (-1 - 3) + 5?
-3
What is the value of 5 - 8 - (-1 + -3)?
1
17 + 2 + -5 + -23
-9
What is 6 - (6 + 5 + -1 + -7)?
3
Calculate (-6 - -3) + 11 + -7.
1
What is the value of -2 - (-6 + 7 + 2)?
-5
What is the value of 15 + -4 - 2 - 18?
-9
What is -12 - (-12 - (7 - 3))?
4
What is the value of 6 + (0 - (3 - -3))?
0
What is 0 + 0 + -2 - (-2 - -5)?
-5
Calculate 7 - (-1 - (-12 - 1 - -6)).
1
What is the value of -9 - (1 - (-4 + 15))?
1
Evaluate -1 + 1 + (-1 + -3 - -2).
-2
What is -5 - ((-9 - -2) + 6 + -1)?
-3
(-1 - 3) + (18 - 19)
-5
What is (17 - 7 - 6) + -6?
-2
What is -4 - (-1 - (-3 - (-4 - -4)))?
-6
What is -4 - (-1 + -2 - (-10 - -10))?
-1
Evaluate (0 - -7) + -7 - 0.
0
Calculate 0 + 3 + 1 + (-2 - 1).
1
-3 + (-6 - -4 - -6)
1
Evaluate 2 - (2 - (2 - -3)).
5
-2 + 1 + -9 + 6
-4
3 + (-8 - -15 - 5)
5
Calculate -5 - (6 + -1 + -5).
-5
Evaluate 4 + (-1 - 2) - (10 - 14).
5
0 - (10 - 13) - (1 + -2)
4
What is the value of 1 - 1 - (-1 - (-2 - 4))?
-5
Calculate (8 - 1) + (-12 - (5 - 16)).
6
What is the value of 5 + -4 + (2 - 6)?
-3
1 + (9 - 5) - 0
5
-16 + 21 + (-4 + 1 - 0)
2
0 + (2 - -7 - 5 - 0)
4
What is the value of -7 - (1 - 3 - (-22 - -19))?
-8
What is -5 - (-2 - (5 - 6))?
-4
Evaluate -4 + -2 + (7 - 2).
-1
What is -7 - (-13 - (-8 - 5))?
-7
Evaluate -1 - 0 - -6 - 5.
0
What is the value of (6 - -10 - 11) + (0 - 0)?
5
2 - 0 - (3 + -5)
4
Calculate (12 - 11) + 2 + 1 + -2.
2
What is the value of (-12 - -17) + (-2 - (3 + -6))?
6
4 - (-6 + 9) - (-1 + 7)
-5
What is the value of (-2 - -1) + (-13 - -20) - -4?
10
7 - (1 - (-2 - 2))
2
Evaluate 4 - 4 - (7 + (0 - 2)).
-5
Evaluate -2 + -3 + 1 + (-3 - -2).
-5
What is the value of -10 + 4 - (-2 - (2 + -1))?
-3
4 - (10 + (-16 - -10))
0
What is 6 + -3 - (4 + -2 + 1)?
0
Calculate 3 + (-1 - -3) + -1 - 7.
-3
7 - (0 + 1 - (-4 - -2))
4
Calculate 5 - 13 - (-10 + (-8 - -14)).
-4
What is -3 - -6 - (5 + (0 - -1))?
-3
What is 5 - (-8 - (-1 - 18))?
-6
What is the value of 1 - (3 + -2 - 1) - -4?
5
What is the value of -2 - ((1 - 1) + -1)?
-1
(1 - 0) + (18 - 18) - -1
2
Evaluate -6 + (1 - 0 - -4) + 1.
0
What is -17 - -25 - (-2 + 7)?
3
What is the value of 0 + -2 + (-3 - (3 - 3))?
-5
-2 - -3 - (5 + -3)
-1
What is the value of 2 + -5 + 4 - -4?
5
(4 - -2) + (-13 - -11)
4
14 - (-9 + 19 - 4)
8
What is -5 - -1 - (0 - 2)?
-2
What is 5 - (1 - (-5 + 1) - -5)?
-5
What is (7 - 6) + -2 + 4 + -2?
1
0 + 3 + -3 + 0
0
What is ((3 - 5) + -1 - -1) + 6?
4
What is the value of -18 - 12 - -19 - (-1 - 1)?
-9
Evaluate -6 - (4 - (7 + 3 + -5)).
-5
3 - (-4 - (-7 - -1))
1
Calculate -28 + 31 + 1 + -8.
-4
What is 11 - -3 - (14 - (11 + 0))?
11
What is the value of (2 - 0 - -2) + 17 + -19?
2
What is 14 + -15 + -4 + 2?
-3
Evaluate -7 + 17 - 2 - 8.
0
What is the value of 0 - -1 - (5 + -1 + -5)?
2
Calculate (-2 - (-4 - -7)) + -6 + 15.
4
What is the value of -8 - (4 + -4 + -6 + 0)?
-2
Calculate -7 + (10 - (-1 + 7)).
-3
Calculate (11 - (11 + -6)) + -12.
-6
What is (-7 - (1 - 0)) + -610 + 617?
-1
What is the value of (-1 - 0) + 6 + -6?
-1
What is the value of -5 + 3 + -7 + (7 - 2)?
-4
What is the value of (-6 - 1) + (3 - (-1 + 2))?
-5
Evaluate -1 + (5 + 1 - (-21 - -25)).
1
What is -4 + 7 - (0 - 5)?
8
What is 6 + -2 - (2 + 0)?
2
Calculate 1 - (0 - (10 + -6)).
5
Calculate 1 + -5 + 2 + 4.
2
What is the value of -4 - (1 + -3) - (-33 - -35)?
-4
Calculate (-3 - 0 - -1) + 7 + -5.
0
Evaluate (0 - 2 - (-3 + 5)) + 2.
-2
What is the value of -8 - (14 + -5 + -12)?
-5
What is (2 - 16) + (-10 - -15) + 2?
-7
What is (-1 - -5 - -5) + -1?
8
What is the value of -3 + 3 + -2 + -2 + -2?
-6
Calculate -2 + 2 + (3 - (2 + 1)).
0
1 + 1 + 1 - (-60 - -59)
4
What is the value of -5 - (-1 - -3) - -8?
1
What is the value of -9 + 11 - (-5 + 0 + 1)?
6
What is the value of -2 + 1 - -1 - 0?
0
-12 - (10 + -20) - -4
2
What is 2 + (-2 - 1) - (14 + -9)?
-6
What is the value of -9 + (-5 + 3 - -9)?
-2
Calculate -3 - (-4 - (-6 - -2)).
-3
-6 + 7 + -4 + 8
5
What is 0 - 6 - -4 - 0?
-2
-3 + -1 + (-2 - -2) + 1
-3
Evaluate -5 + (5 - (-4 + 5)).
-1
Calculate 5 + (-1 - (4 - 6 - 3)).
9
Evaluate (1 - 20) + 10 - 0.
-9
Evaluate 2 + -1 - ((3 - -1) + -6).
3
Evaluate 3 - 0 - (16 - 17).
4
What is (-3 + 4 - -1) + 2 + 0?
4
Calculate 0 - (-3 + 2 - 2).
3
Evaluate -8 - (-3 + (3 - 5) - -1).
-4
What is the value of -1 + (-10 - (-8 + 3)) + 6?
0
Calculate 7 + -4 + -5 + (3 - 0).
1
What is -4 + -1 + 3 + -1 + 2?
-1
What is 1 + (-29 - -25 - (2 - 2))?
-3
2 + (-1 - 3) + -156 + 161
3
3 + (-3 - -7) - 13
-6
What is -7 - -15 - (3 - -1)?
4
Calculate (-7 - (0 - 4)) + 3 + -1.
-1
Calculate -3 + 0 + 1 + -3.
-5
What is 3 - (2 - 1) - 5 - 2?
-5
Evaluate (-1 - (7 + (4 - 7))) + 1.
-4
Evaluate 1 + (5 - 8 - 2) + 0.
-4
Calculate 2 + 3 + (40 - 37).
8
What is the value of -2 + 2 - -1 - 3?
-2
What is the value of -6 - ((-3 + 7 - 13) + -3)?
6
Calculate 0 - -7 - (-68 - -86) - -2.
-9
What is the value of (-13 - -20 - 1) + 4?
10
Calculate -5 + 0 - (2 - 11).
4
What is the value of 9 - (4 + (-9 - -16))?
-2
What is the value of -3 + 4 + 2 + -7?
-4
Evaluate -1 - (-6 - 4) - 8.
1
Calculate (7 - -2) + -1 + -3 + 0.
5
Calculate -4 - (-3 - -7 - 10).
2
Evaluate (1 - -6) + (-2 - 0).
5
-2 - 0 - (-12 + 6)
4
Evaluate (-4 - 0) + (17 + -13 - 4).
-4
Evaluate (-12 - -4) + -2 - -3.
-7
-1 + (-4 - -5) + (-9 - -2)
-7
What is the value of -12 + (8 - (15 - 10))?
-9
Calculate (-4 - 5 - -2) + 5.
-2
Evaluate 7 + (0 - (-5 + 15) - 1).
-4
Calculate 4 - (-1 - -5 - 5).
5
-9 + 17 + (-1 - 11)
-4
Evaluate 11 + -2 + -7 + 2 + -7.
-3
-3 - ((2 - 4) + -4)
3
Evaluate -7 - -2 - (2 - (11 + -4)).
0
What is -1 + (-2 - -4 - 5) + 1?
-3
What is the value of (-6 - (-1 - 8)) + -6?
-3
1 - (1 + (-1 - 1))
2
-7 - (1 + 6 - 1 - 6)
-7
What is (7 - (10 - 1)) + 8?
6
What is the value of 1 + 4 - ((1 - 0) + 1)?
3
What is the value of 8 - 3 - (0 + 4 + 5)?
-4
Evaluate -12 + 2 - (10 - 22).
2
What is the value of (5 - -1) + -23 + 20?
3
Evaluate -10 - (-2 + -3 - (-1 - -1)).
-5
Calculate -1 - (-7 - -15 - 8 - 1).
0
What is (-8 - (-1 - -1)) + (-68 - -81)?
5
Calculate 1 + 5 - ((-1 - 2) + 2).
7
What is the value of 0 + -1 + 14 + -8?
5
Evaluate -9 - (1 + -6 + 1).
-5
What is -6 - (-6 - (-4 - 3))?
-7
What is the value of 4 + (-4 + 1 - (10 + -10))?
1
Calculate -5 + 8 - (1 - 0) - -3.
5
What is the value of -2 + (5 - (3 - 3))?
3
Calculate -1 - ((7 - 5) + -3).
0
Calculate (1 - -11) + -14 - -10.
8
-2 + (-4 - (-11 - -6))
-1
What is the value of 2 + (7 - (7 + -3))?
5
What is 5 - (3 + -5 + 14)?
-7
What is 4 - (-5 - (-7 + 1))?
3
-10 + (-4 - (-14 - 1))
1
Calculate (-6 - 2) + (69 - 54).
7
Calculate 2 + 3 - (0 - (1 + -12)).
-6
Calculate (7 - 1) + 92 + -102.
-4
Calculate 42 - 32 - (2 + 2).
6
29 + -29 + (0 - (2 - 3))
1
-11 + -2 + (-53 - -66)
0
Calculate (-4 - (-4 + -5 + 1)) + -2.
2
What is -2 - (-1 - (1 + 1)) - 1?
0
What is (-9 - (-12 - -6)) + (0 - -8)?
5
What is the value of 0 - (-2 - (4 - -2)) - -3?
11
(1 - (-3 + 11)) + 12
5
Evaluate 12 + 3 + -8 + -4.
3
9 + -6 + -3 + 1 - 1
0
Evaluate (3 - (0 - -3)) + -1.
-1
What is (1 + 2 - -1) +